s -453a - 5?
-4540
In base 14, what is -159a - 1?
-159b
In base 9, what is -4 + -861378?
-861383
In base 15, what is ca4 - -1?
ca5
In base 7, what is 140 + -11162?
-11022
In base 8, what is -4 + -22011?
-22015
In base 10, what is -6 - -33991?
33985
In base 10, what is 43 - 9420?
-9377
In base 2, what is -111110011100011001 + 100?
-111110011100010101
In base 13, what is b7 - 46c?
-385
In base 10, what is 17 - 449?
-432
In base 16, what is -20c - -c5?
-147
In base 12, what is 48 + -26b?
-223
In base 16, what is -47753 - -5?
-4774e
In base 11, what is 4401 - 47?
4365
In base 5, what is -1343 + -400?
-2243
In base 10, what is 1 + -95568?
-95567
In base 5, what is -11 + 2310?
2244
In base 7, what is -10 + 26440?
26430
In base 13, what is 176 - -17c3?
1969
In base 13, what is 69a21 - -5?
69a26
In base 9, what is 1652 + 13?
1665
In base 14, what is -5a88c - -1a?
-5a872
In base 7, what is -2145 + -53?
-2231
In base 16, what is -91007 - -1?
-91006
In base 2, what is 1110011 + 100111000?
110101011
In base 6, what is -122154505 - 0?
-122154505
In base 2, what is -1011000 + 100110000?
11011000
In base 5, what is 200 - 13312?
-13112
In base 12, what is -1 + 6189a3?
6189a2
In base 14, what is -223c64 + -4?
-223c68
In base 7, what is -2 - 11140?
-11142
In base 6, what is -15544043 + -1?
-15544044
In base 4, what is 1 + -1113123?
-1113122
In base 11, what is -14a387 - 16?
-14a3a2
In base 10, what is 10 - 43024?
-43014
In base 6, what is 1314 - 300?
1014
In base 6, what is 422455 + -3?
422452
In base 16, what is 0 + 786?
786
In base 16, what is -d + -c81?
-c8e
In base 11, what is -2542 - 249?
-2790
In base 8, what is -244617 - -2?
-244615
In base 3, what is -1000120020 - -20?
-1000120000
In base 10, what is 2122 - 204?
1918
In base 12, what is -5b1 + -57?
-648
In base 3, what is 120211 - 10002121?
-2111210
In base 16, what is 10c0 - -5?
10c5
In base 8, what is 37 - -1407?
1446
In base 2, what is 11010001000110 - -100011?
11010001101001
In base 14, what is -4917 - -15?
-4902
In base 3, what is 10202 - -21102201?
21120110
In base 14, what is -6 - 7a13?
-7a19
In base 7, what is 45255 - 233?
45022
In base 3, what is -2210120 + 1012?
-2202101
In base 14, what is 66 + -588?
-522
In base 9, what is 13 - -18513?
18526
In base 3, what is -11201211221 - 0?
-11201211221
In base 13, what is 26 - 6010?
-5cb7
In base 4, what is -22133110 + -1?
-22133111
In base 7, what is 26 + 430?
456
In base 4, what is 0 - 1333222223?
-1333222223
In base 11, what is -183 - -665?
492
In base 4, what is -10 - 322330230?
-322330300
In base 5, what is -11230003 - 2?
-11230010
In base 11, what is 17706 + -4?
17702
In base 7, what is 30226 + 1510?
32036
In base 3, what is -121022111200 + 2?
-121022111121
In base 13, what is -1c13 - -1?
-1c12
In base 7, what is 30 + 14316?
14346
In base 7, what is 115 - 640?
-522
In base 14, what is 70c3 + -5?
70bc
In base 16, what is 581 - 8d9?
-358
In base 16, what is -8 - ed90?
-ed98
In base 13, what is 379 - -112?
48b
In base 9, what is -30323 - -133?
-30180
In base 16, what is -ef + -682?
-771
In base 15, what is 639 + -e?
62a
In base 7, what is 6 + 2105?
2114
In base 4, what is 23213001313 - -1?
23213001320
In base 9, what is 13 - 106?
-83
In base 14, what is -b98c4 + -4?
-b98c8
In base 8, what is 23513 - 5?
23506
In base 11, what is 22328 - 4?
22324
In base 10, what is -2356 - -25?
-2331
In base 16, what is 3ad0 - -1?
3ad1
In base 15, what is -234a3 + -2?
-234a5
In base 12, what is 5 - -336594?
336599
In base 4, what is 32 + -300213113?
-300213021
In base 10, what is 8 + -212053?
-212045
In base 8, what is 236 + -3?
233
In base 2, what is 0 + -110100101101?
-110100101101
In base 4, what is -2220 - -2321112?
2312232
In base 12, what is 5 - -212b30?
212b35
In base 9, what is -5 - -65384?
65378
In base 8, what is 4 - 220706?
-220702
In base 9, what is -1232 - 65?
-1307
In base 15, what is 993 + -24?
96e
In base 2, what is -1011011010101 + -1011?
-1011011100000
In base 5, what is -122343 - -2?
-122341
In base 13, what is -4 + 9101?
90ca
In base 9, what is 61066 + 0?
61066
In base 8, what is -1030 - -11630?
10600
In base 12, what is 9a + -141b?
-1341
In base 9, what is 5466 + -55?
5411
In base 4, what is -111111 + 33211?
-11300
In base 7, what is 2 - 15456665?
-15456663
In base 6, what is 5304 + -312?
4552
In base 2, what is -110 + 1011000011011001?
1011000011010011
In base 3, what is -222102221 - -212?
-222102002
In base 16, what is 4 + aae8?
aaec
In base 10, what is 17 + 8534?
8551
In base 13, what is 3b983 + -4?
3b97c
In base 8, what is -16 - -12623?
12605
In base 13, what is 4 - -14b022?
14b026
In base 12, what is -24 + -9ba7?
-a00b
In base 4, what is -1030203133 - -11?
-1030203122
In base 2, what is -111101111011001010 - 11?
-111101111011001101
In base 5, what is -3113210 + -4?
-3113214
In base 11, what is -950 - 98?
-a38
In base 10, what is -2 - 135208?
-135210
In base 16, what is 251 + -8?
249
In base 6, what is -11 - 10251?
-10302
In base 12, what is -43 - 847?
-88a
In base 10, what is 4 - -30066?
30070
In base 13, what is 1746a1 - 5?
174699
In base 14, what is 2324 - -2a?
2350
In base 3, what is 20000 - -101200?
121200
In base 15, what is 174 + -69a?
-526
In base 7, what is 6 + -1045113?
-1045104
In base 10, what is 510832 + -5?
510827
In base 8, what is -7 + 17620?
17611
In base 12, what is bb6 + 6a?
1064
In base 5, what is 3404003 - 2?
3404001
In base 12, what is -5 - 2916?
-291b
In base 10, what is 3171 + 23?
3194
In base 13, what is -2c + -3644?
-3673
In base 4, what is -30210 + 2303?
-21301
In base 4, what is 22020 - -10323?
33003
In base 14, what is 0 - 7cb?
-7cb
In base 3, what is -100 - 22121102?
-22121202
In base 12, what is 1 + -1029?
-1028
In base 6, what is -2313544 + 0?
-2313544
In base 8, what is -12754753 + 3?
-12754750
In base 13, what is -611 + ab?
-533
In base 7, what is 15461301 - 5?
15461263
In base 7, what is 501 - 33633?
-33132
In base 9, what is 5 + -4651?
-4645
In base 6, what is 230414 + 25?
230443
In base 2, what is 101000010011 + 11100010?
101011110101
In base 9, what is -1 - -24311?
24310
In base 7, what is -5453434 - 1?
-5453435
In base 11, what is -9a + aa?
10
In base 12, what is -32806a + 1?
-328069
In base 10, what is -445 + 97?
-348
In base 15, what is -1c3 - 15c?
-330
In base 3, what is 100111211210 - -12?
100111211222
In base 16, what is -5b1c + -18?
-5b34
In base 11, what is 4a + -47712?
-47673
In base 3, what is -11 - -121022120022?
121022120011
In base 11, what is 395 - -79?
463
In base 2, what is 10 - 110000101110000010?
-110000101110000000
In base 16, what is -4ff + -15?
-514
In base 7, what is -121512 - 4?
-121516
In base 6, what is 10 - -31210?
31220
In base 9, what is -685102 + -4?
-685106
In base 15, what is -4e82 + -30?
-4eb2
In base 9, what is 56222 - 24?
56187
In base 16, what is 8 - 26f6?
-26ee
In base 16, what is 2c + 29e?
2ca
In base 8, what is -14 + 463?
447
In base 16, what is 4910 + -e?
4902
In base 12, what is 3127 - -273?
339a
In base 15, what is 26ea + 5a?
2755
In base 5, what is 21111 + 10021?
31132
In base 4, what is -2 + 2013110?
2013102
In base 4, what is 3130231 - 211?
3130020
In base 16, what is 39df - ad?
3932
In base 8, what is 122 - -3335?
3457
In base 11, what is -35 - 724?
-759
In base 12, what is 36 - 33?
3
In base 12, what is 18112 + 13?
18125
In base 2, what is 10111101110010010 - 10?
10111101110010000
In base 14, what is 13 - 1646?
-1633
In base 2, what is 100011111 + 1010000110110?
1010101010101
In base 12, what is 7 - 3053?
-3048
In base 7, what is -2 + 63036?
63034
In base 3, what is 10 + -10202211?
-10202201
In base 2, what is 10101111 + 11111001?
110101000
In base 9, what is -3 + 14588?
14585
In base 2, what is -101111101 + -101101100100?
-110011100001
In base 8, what is 4272344 + 3?
4272347
In base 15, what is 9ca - -ca?
aa5
In base 6, what is 140242250 + 2?
140242252
In base 6, what is 4215 - 32033?
-23414
In base 2, what is 1100100110111110110000 - -100?
1100100110111110110100
In base 9, what is -1416365 + -1?
-1416366
In base 11, what is 105a00 - 4?
1059a7
In base 2, what is -1100 - 1101000001000110?
-1101000001010010
In base 7, what is -40360 - -14?
-40343
In base 8, what is 6043 + -116?
5725
In base 7, what is -101 + 1335?
1234
In base 9, what is -2 + 204040?
204037